r of 130250 and 60?
10
What is the highest common factor of 1590 and 381070?
530
Calculate the highest common divisor of 106 and 77592.
106
What is the highest common factor of 35964 and 9768?
444
What is the greatest common factor of 48034 and 28?
14
What is the greatest common divisor of 20972 and 147?
49
What is the highest common divisor of 8305 and 272555?
755
What is the greatest common factor of 66 and 94542?
6
What is the greatest common factor of 301171 and 52?
13
Calculate the highest common factor of 189714 and 84.
42
What is the highest common factor of 3 and 9570?
3
Calculate the greatest common divisor of 3268 and 7828.
76
What is the highest common factor of 3844 and 4588?
124
Calculate the highest common factor of 477 and 103456.
53
What is the greatest common divisor of 65 and 3775?
5
What is the greatest common factor of 249 and 131140?
83
What is the greatest common factor of 147 and 42973?
49
Calculate the greatest common divisor of 5587 and 296.
37
What is the highest common factor of 110831 and 497?
497
Calculate the highest common divisor of 3122 and 618.
2
Calculate the greatest common factor of 288608 and 58.
58
Calculate the greatest common factor of 172 and 1844.
4
Calculate the greatest common factor of 1287 and 5357.
11
Calculate the highest common factor of 1396188 and 72.
36
Calculate the greatest common divisor of 980 and 9440.
20
Calculate the greatest common factor of 159278 and 12152.
434
What is the highest common divisor of 176 and 12980?
44
Calculate the highest common divisor of 5461 and 344.
43
What is the highest common divisor of 493 and 5096141?
493
What is the highest common divisor of 1020 and 90066?
102
What is the highest common divisor of 186940 and 130?
130
What is the greatest common divisor of 5566 and 437?
23
What is the highest common divisor of 25 and 12110?
5
Calculate the highest common divisor of 26103 and 21.
21
What is the highest common divisor of 1472 and 9286848?
1472
What is the highest common factor of 112824 and 24?
24
Calculate the greatest common divisor of 46958 and 28352.
886
Calculate the greatest common factor of 64724 and 198.
22
What is the greatest common divisor of 177 and 3567?
3
Calculate the highest common factor of 307515 and 21995.
415
Calculate the highest common divisor of 41902 and 861.
287
Calculate the greatest common divisor of 5952 and 19312.
16
Calculate the greatest common factor of 49 and 41027.
7
Calculate the greatest common factor of 933176 and 24.
8
Calculate the highest common factor of 2584 and 314602.
646
Calculate the highest common factor of 638072 and 658.
94
What is the greatest common factor of 2825 and 4775?
25
Calculate the greatest common divisor of 15 and 80715.
15
What is the highest common factor of 1057 and 9211?
151
Calculate the highest common factor of 1192455 and 2079.
297
Calculate the greatest common divisor of 20 and 8901380.
20
What is the greatest common divisor of 99355 and 7051?
641
Calculate the greatest common divisor of 2000 and 928250.
250
Calculate the highest common factor of 6489 and 28.
7
Calculate the highest common divisor of 12 and 7952.
4
What is the highest common divisor of 80 and 2090?
10
What is the greatest common factor of 44410 and 110?
10
What is the greatest common divisor of 19 and 236987?
19
What is the highest common factor of 6951 and 1827?
21
What is the highest common factor of 82841 and 4675?
187
What is the greatest common divisor of 195005 and 430?
215
What is the greatest common factor of 12455 and 3127?
53
What is the greatest common factor of 25476 and 447953?
2123
What is the greatest common divisor of 97 and 139001?
97
What is the highest common divisor of 22510 and 560?
10
Calculate the highest common factor of 696 and 2672234.
58
What is the highest common divisor of 38 and 410153?
19
Calculate the highest common divisor of 60491 and 2761.
251
Calculate the greatest common factor of 3594 and 1589746.
1198
What is the highest common divisor of 2 and 76666?
2
Calculate the greatest common divisor of 12699 and 36.
9
Calculate the greatest common divisor of 9192 and 1824.
24
What is the greatest common divisor of 11552 and 28576?
608
Calculate the highest common factor of 128 and 17440.
32
Calculate the greatest common factor of 225114 and 102.
102
Calculate the greatest common divisor of 9072 and 297.
27
What is the highest common factor of 36 and 8672868?
36
What is the greatest common factor of 208 and 151?
1
What is the greatest common factor of 46518 and 6?
6
What is the greatest common factor of 35 and 59682?
7
Calculate the greatest common divisor of 64 and 216616.
8
What is the highest common divisor of 6888 and 707?
7
Calculate the greatest common factor of 836 and 3686.
38
What is the greatest common factor of 203646 and 6?
6
Calculate the highest common factor of 21630 and 24.
6
What is the highest common divisor of 164105 and 575?
115
Calculate the greatest common divisor of 259 and 861.
7
Calculate the greatest common divisor of 6748 and 9632.
28
Calculate the highest common factor of 24696 and 2548.
196
What is the greatest common divisor of 339657 and 387?
129
Calculate the highest common factor of 1 and 2797.
1
What is the greatest common factor of 968 and 12051600?
968
What is the highest common divisor of 42586 and 50347?
199
Calculate the greatest common divisor of 432867 and 12.
3
Calculate the highest common factor of 3344 and 6992.
304
Calculate the greatest common divisor of 3905 and 402996.
781
What is the highest common divisor of 40968 and 27?
9
What is the greatest common divisor of 21675 and 510?
255
What is the greatest common divisor of 493407 and 657?
657
Calculate the highest common factor of 615 and 66461.
41
What is the greatest common divisor of 837133 and 11?
11
Calculate the highest common divisor of 1700 and 17100.
100
What is the greatest common divisor of 13524251 and 13?
13
What is the greatest common factor of 200 and 1310?
10
Calculate the highest common divisor of 915 and 1464305.
305
What is the highest common divisor of 10 and 678590?
10
What is the highest common divisor of 15 and 61536?
3
Calculate the greatest common factor of 3456 and 738.
18
Calculate the highest common factor of 1039878 and 3144.
786
Calculate the highest common factor of 56463 and 87.
87
What is the greatest common divisor of 1671 and 117?
3
What is the highest common factor of 1270262 and 574?
574
What is the greatest common factor of 1299 and 5517719?
433
What is the highest common divisor of 1332 and 851?
37
What is the highest common factor of 341487 and 456?
57
Calculate the highest common divisor of 9360 and 79872.
624
What is the greatest common divisor of 21901 and 242?
121
Calculate the highest common factor of 107 and 175.
1
What is the greatest common factor of 153580 and 900?
20
What is the highest common divisor of 1256 and 270668?
628
What is the greatest common divisor of 420 and 1280?
20
What is the highest common factor of 1743 and 63?
21
What is the highest common divisor of 5 and 12317?
1
What is the highest common factor of 6139 and 5361101?
877
What is the highest common factor of 3000 and 3975?
75
What is the greatest common divisor of 32 and 18960?
16
Calculate the highest common factor of 200 and 5780.
20
Calculate the greatest common divisor of 12 and 35628.
12
What is the greatest common factor of 8100 and 5556?
12
What is the greatest common factor of 775 and 39432?
31
Calculate the greatest common factor of 93824 and 2688.
128
Calculate the greatest common factor of 57 and 96957.
57
What is the greatest common divisor of 24768 and 207?
9
Calculate the highest common divisor of 41112 and 864.
72
Calculate the highest common factor of 51791 and 67.
67
What is the highest common divisor of 572 and 9867?
143
What is the greatest common divisor of 7 and 2555?
7
Calculate the highest common divisor of 698 and 18497.
349
Calculate the highest common factor of 1599 and 559.
13
Calculate the highest common factor of 296538 and 132.
66
What is the greatest common divisor of 1038 and 285969?
519
What is the greatest common divisor of 1159 and 6466?
61
Calculate the highest common factor of 297232 and 16.
16
What is the highest common divisor of 23514 an